{"id":171,"date":"2025-04-09T17:00:32","date_gmt":"2025-04-09T15:00:32","guid":{"rendered":"https:\/\/artak.cz\/careconnect\/nase-presvedceni\/"},"modified":"2025-04-09T17:07:44","modified_gmt":"2025-04-09T15:07:44","slug":"nase-presvedceni","status":"publish","type":"page","link":"https:\/\/artak.cz\/careconnect\/nase-presvedceni\/","title":{"rendered":"Na\u0161e p\u0159esv\u011bd\u010den\u00ed"},"content":{"rendered":"\n<h1 class=\"wp-block-heading has-text-align-center\">Na\u0161e p\u0159esv\u011bd\u010den\u00ed<\/h1>\n\n\n\n<div style=\"height:53px\" aria-hidden=\"true\" class=\"wp-block-spacer\"><\/div>\n\n\n\n<h3 class=\"wp-block-heading has-text-align-center\">Ka\u017ed\u00fd, kdo se sna\u017e\u00ed dos\u00e1hnout sv\u00e9ho nejlep\u0161\u00edho v\u00fdkonu, mus\u00ed v\u017edy naj\u00edt n\u00e1stroje, kter\u00e9 mu to umo\u017en\u00ed.<\/h3>\n\n\n\n<div style=\"height:53px\" aria-hidden=\"true\" class=\"wp-block-spacer\"><\/div>\n\n\n\n<h3 class=\"wp-block-heading has-text-align-center\">N\u011bkte\u0159\u00ed lid\u00e9 mus\u00ed \u010delit obrovsk\u00fdm v\u00fdzv\u00e1m, aby byli schopni u\u017e\u00edvat si napl\u0148uj\u00edc\u00edho osobn\u00edho a pracovn\u00edho \u017eivota.<\/h3>\n\n\n\n<div style=\"height:67px\" aria-hidden=\"true\" class=\"wp-block-spacer\"><\/div>\n\n\n\n<div class=\"wp-block-columns is-layout-flex wp-container-core-columns-is-layout-9d6595d7 wp-block-columns-is-layout-flex\">\n<div class=\"wp-block-column is-layout-flow wp-block-column-is-layout-flow\">\n<figure class=\"wp-block-image size-full\"><img loading=\"lazy\" decoding=\"async\" width=\"1000\" height=\"650\" src=\"https:\/\/artak.cz\/careconnect\/wp-content\/uploads\/2025\/04\/humane_believe01.png\" alt=\"\" class=\"wp-image-180\" srcset=\"https:\/\/artak.cz\/careconnect\/wp-content\/uploads\/2025\/04\/humane_believe01.png 1000w, https:\/\/artak.cz\/careconnect\/wp-content\/uploads\/2025\/04\/humane_believe01-300x195.png 300w, https:\/\/artak.cz\/careconnect\/wp-content\/uploads\/2025\/04\/humane_believe01-768x499.png 768w\" sizes=\"auto, (max-width: 1000px) 100vw, 1000px\" \/><\/figure>\n<\/div>\n\n\n\n<div class=\"wp-block-column is-layout-flow wp-block-column-is-layout-flow\">\n<figure class=\"wp-block-image size-full\"><img loading=\"lazy\" decoding=\"async\" width=\"1000\" height=\"650\" src=\"https:\/\/artak.cz\/careconnect\/wp-content\/uploads\/2025\/04\/humane_believe02.png\" alt=\"\" class=\"wp-image-181\" srcset=\"https:\/\/artak.cz\/careconnect\/wp-content\/uploads\/2025\/04\/humane_believe02.png 1000w, https:\/\/artak.cz\/careconnect\/wp-content\/uploads\/2025\/04\/humane_believe02-300x195.png 300w, https:\/\/artak.cz\/careconnect\/wp-content\/uploads\/2025\/04\/humane_believe02-768x499.png 768w\" sizes=\"auto, (max-width: 1000px) 100vw, 1000px\" \/><\/figure>\n<\/div>\n\n\n\n<div class=\"wp-block-column is-layout-flow wp-block-column-is-layout-flow\">\n<figure class=\"wp-block-image size-full\"><img loading=\"lazy\" decoding=\"async\" width=\"1000\" height=\"650\" src=\"https:\/\/artak.cz\/careconnect\/wp-content\/uploads\/2025\/04\/humane_believe03.png\" alt=\"\" class=\"wp-image-183\" srcset=\"https:\/\/artak.cz\/careconnect\/wp-content\/uploads\/2025\/04\/humane_believe03.png 1000w, https:\/\/artak.cz\/careconnect\/wp-content\/uploads\/2025\/04\/humane_believe03-300x195.png 300w, https:\/\/artak.cz\/careconnect\/wp-content\/uploads\/2025\/04\/humane_believe03-768x499.png 768w\" sizes=\"auto, (max-width: 1000px) 100vw, 1000px\" \/><\/figure>\n<\/div>\n<\/div>\n\n\n\n<div style=\"height:61px\" aria-hidden=\"true\" class=\"wp-block-spacer\"><\/div>\n\n\n\n<h3 class=\"wp-block-heading has-text-align-center\">V\u011bt\u0161ina l\u00e9ka\u0159\u016f se sna\u017e\u00ed co nejl\u00e9pe slou\u017eit lidem, ale limituje je nedostatek kvalitn\u00edho \u010dasu pro ka\u017ed\u00e9ho pacienta nebo p\u0159et\u00ed\u017een\u00ed velk\u00fdmi daty.<\/h3>\n\n\n\n<div style=\"height:61px\" aria-hidden=\"true\" class=\"wp-block-spacer\"><\/div>\n\n\n\n<div class=\"wp-block-columns is-layout-flex wp-container-core-columns-is-layout-9d6595d7 wp-block-columns-is-layout-flex\">\n<div class=\"wp-block-column is-layout-flow wp-block-column-is-layout-flow\" style=\"flex-basis:17%\">\n<div style=\"height:100px\" aria-hidden=\"true\" class=\"wp-block-spacer\"><\/div>\n<\/div>\n\n\n\n<div class=\"wp-block-column is-layout-flow wp-block-column-is-layout-flow\" style=\"flex-basis:33%\">\n<figure class=\"wp-block-image size-full\"><img loading=\"lazy\" decoding=\"async\" width=\"1000\" height=\"650\" src=\"https:\/\/artak.cz\/careconnect\/wp-content\/uploads\/2025\/04\/humane_believe04.png\" alt=\"\" class=\"wp-image-184\" srcset=\"https:\/\/artak.cz\/careconnect\/wp-content\/uploads\/2025\/04\/humane_believe04.png 1000w, https:\/\/artak.cz\/careconnect\/wp-content\/uploads\/2025\/04\/humane_believe04-300x195.png 300w, https:\/\/artak.cz\/careconnect\/wp-content\/uploads\/2025\/04\/humane_believe04-768x499.png 768w\" sizes=\"auto, (max-width: 1000px) 100vw, 1000px\" \/><\/figure>\n<\/div>\n\n\n\n<div class=\"wp-block-column is-layout-flow wp-block-column-is-layout-flow\" style=\"flex-basis:33%\">\n<figure class=\"wp-block-image size-full\"><img loading=\"lazy\" decoding=\"async\" width=\"1000\" height=\"650\" src=\"https:\/\/artak.cz\/careconnect\/wp-content\/uploads\/2025\/04\/humane_believe05.png\" alt=\"\" class=\"wp-image-185\" srcset=\"https:\/\/artak.cz\/careconnect\/wp-content\/uploads\/2025\/04\/humane_believe05.png 1000w, https:\/\/artak.cz\/careconnect\/wp-content\/uploads\/2025\/04\/humane_believe05-300x195.png 300w, https:\/\/artak.cz\/careconnect\/wp-content\/uploads\/2025\/04\/humane_believe05-768x499.png 768w\" sizes=\"auto, (max-width: 1000px) 100vw, 1000px\" \/><\/figure>\n<\/div>\n\n\n\n<div class=\"wp-block-column is-layout-flow wp-block-column-is-layout-flow\" style=\"flex-basis:17%\">\n<div style=\"height:100px\" aria-hidden=\"true\" class=\"wp-block-spacer\"><\/div>\n<\/div>\n<\/div>\n\n\n\n<div style=\"height:61px\" aria-hidden=\"true\" class=\"wp-block-spacer\"><\/div>\n\n\n\n<h3 class=\"wp-block-heading has-text-align-center\">Vytv\u00e1\u0159\u00edme n\u00e1stroje pro \u0159e\u0161en\u00ed t\u011bchto situac\u00ed.<\/h3>\n\n\n\n<div style=\"height:98px\" aria-hidden=\"true\" class=\"wp-block-spacer\"><\/div>\n\n\n\n<p><\/p>\n    <!-- sktbuilder starter --><script type=\"text\/javascript\" src=\"https:\/\/artak.cz\/careconnect\/wp-content\/plugins\/skt-builder\/sktbuilder\/sktbuilder-frontend-starter.js\"><\/script><script type=\"text\/javascript\" src=\"https:\/\/artak.cz\/careconnect\/wp-content\/plugins\/skt-builder\/sktbuilder-wordpress-driver.js\"><\/script><script type=\"text\/javascript\"> var starter = new SktbuilderStarter({\"mode\": \"prod\", \"skip\":[\"jquery\",\"underscore\",\"backbone\"],\"sktbuilderUrl\": \"https:\/\/artak.cz\/careconnect\/wp-content\/plugins\/skt-builder\/sktbuilder\/\", \"driver\": new SktbuilderWordpressDriver({\"ajaxUrl\": \"https:\/\/artak.cz\/careconnect\/wp-admin\/admin-ajax.php\", \"iframeUrl\": \"https:\/\/artak.cz\/careconnect\/nase-presvedceni\/?sktbuilder=true\", \"pageId\": 171, \"pages\": [], \"page\": \"Na\u0161e p\u0159esv\u011bd\u010den\u00ed\" }) });<\/script><!-- end sktbuilder starter -->","protected":false},"excerpt":{"rendered":"<p>Na\u0161e p\u0159esv\u011bd\u010den\u00ed Ka\u017ed\u00fd, kdo se sna\u017e\u00ed dos\u00e1hnout sv\u00e9ho nejlep\u0161\u00edho v\u00fdkonu, mus\u00ed v\u017edy naj\u00edt n\u00e1stroje, kter\u00e9 mu to umo\u017en\u00ed. N\u011bkte\u0159\u00ed lid\u00e9 mus\u00ed \u010delit obrovsk\u00fdm v\u00fdzv\u00e1m, aby byli schopni u\u017e\u00edvat si napl\u0148uj\u00edc\u00edho osobn\u00edho a pracovn\u00edho \u017eivota. V\u011bt\u0161ina l\u00e9ka\u0159\u016f se sna\u017e\u00ed co nejl\u00e9pe slou\u017eit lidem, ale limituje je nedostatek kvalitn\u00edho \u010dasu pro ka\u017ed\u00e9ho pacienta nebo p\u0159et\u00ed\u017een\u00ed velk\u00fdmi daty.<br \/><a class=\"moretag\" href=\"https:\/\/artak.cz\/careconnect\/nase-presvedceni\/\">+ Read More<\/a><\/p>\n","protected":false},"author":1,"featured_media":0,"parent":0,"menu_order":0,"comment_status":"closed","ping_status":"open","template":"templates\/page-fullwidth_template.php","meta":{"_uag_custom_page_level_css":"","footnotes":""},"class_list":["post-171","page","type-page","status-publish","hentry"],"featured_image_src":false,"featured_image_src_square":false,"rbea_author_info":{"display_name":"marek","author_link":"https:\/\/artak.cz\/careconnect\/author\/marek\/"},"rbea_excerpt_info":"Na\u0161e p\u0159esv\u011bd\u010den\u00ed Ka\u017ed\u00fd, kdo se sna\u017e\u00ed dos\u00e1hnout sv\u00e9ho nejlep\u0161\u00edho v\u00fdkonu, mus\u00ed v\u017edy naj\u00edt n\u00e1stroje, kter\u00e9 mu to umo\u017en\u00ed. N\u011bkte\u0159\u00ed lid\u00e9 mus\u00ed \u010delit obrovsk\u00fdm v\u00fdzv\u00e1m, aby byli schopni u\u017e\u00edvat si napl\u0148uj\u00edc\u00edho osobn\u00edho a pracovn\u00edho \u017eivota. V\u011bt\u0161ina l\u00e9ka\u0159\u016f se sna\u017e\u00ed co nejl\u00e9pe slou\u017eit lidem, ale limituje je nedostatek kvalitn\u00edho \u010dasu pro ka\u017ed\u00e9ho pacienta nebo p\u0159et\u00ed\u017een\u00ed velk\u00fdmi daty.<br><a class=\"moretag\" href=\"https:\/\/artak.cz\/careconnect\/nase-presvedceni\/\">+ Read More<\/a>","uagb_featured_image_src":{"full":false,"thumbnail":false,"medium":false,"medium_large":false,"large":false,"1536x1536":false,"2048x2048":false,"complete_thumb":false,"footerthumb":false},"uagb_author_info":{"display_name":"marek","author_link":"https:\/\/artak.cz\/careconnect\/author\/marek\/"},"uagb_comment_info":0,"uagb_excerpt":"Na\u0161e p\u0159esv\u011bd\u010den\u00ed Ka\u017ed\u00fd, kdo se sna\u017e\u00ed dos\u00e1hnout sv\u00e9ho nejlep\u0161\u00edho v\u00fdkonu, mus\u00ed v\u017edy naj\u00edt n\u00e1stroje, kter\u00e9 mu to umo\u017en\u00ed. N\u011bkte\u0159\u00ed lid\u00e9 mus\u00ed \u010delit obrovsk\u00fdm v\u00fdzv\u00e1m, aby byli schopni u\u017e\u00edvat si napl\u0148uj\u00edc\u00edho osobn\u00edho a pracovn\u00edho \u017eivota. V\u011bt\u0161ina l\u00e9ka\u0159\u016f se sna\u017e\u00ed co nejl\u00e9pe slou\u017eit lidem, ale limituje je nedostatek kvalitn\u00edho \u010dasu pro ka\u017ed\u00e9ho pacienta nebo p\u0159et\u00ed\u017een\u00ed velk\u00fdmi daty.+&hellip;","_links":{"self":[{"href":"https:\/\/artak.cz\/careconnect\/wp-json\/wp\/v2\/pages\/171","targetHints":{"allow":["GET"]}}],"collection":[{"href":"https:\/\/artak.cz\/careconnect\/wp-json\/wp\/v2\/pages"}],"about":[{"href":"https:\/\/artak.cz\/careconnect\/wp-json\/wp\/v2\/types\/page"}],"author":[{"embeddable":true,"href":"https:\/\/artak.cz\/careconnect\/wp-json\/wp\/v2\/users\/1"}],"replies":[{"embeddable":true,"href":"https:\/\/artak.cz\/careconnect\/wp-json\/wp\/v2\/comments?post=171"}],"version-history":[{"count":6,"href":"https:\/\/artak.cz\/careconnect\/wp-json\/wp\/v2\/pages\/171\/revisions"}],"predecessor-version":[{"id":186,"href":"https:\/\/artak.cz\/careconnect\/wp-json\/wp\/v2\/pages\/171\/revisions\/186"}],"wp:attachment":[{"href":"https:\/\/artak.cz\/careconnect\/wp-json\/wp\/v2\/media?parent=171"}],"curies":[{"name":"wp","href":"https:\/\/api.w.org\/{rel}","templated":true}]}}