{"id":53,"date":"2025-04-06T10:45:09","date_gmt":"2025-04-06T08:45:09","guid":{"rendered":"https:\/\/artak.cz\/careconnect\/?page_id=53"},"modified":"2025-04-09T19:13:47","modified_gmt":"2025-04-09T17:13:47","slug":"kdo-jsme","status":"publish","type":"page","link":"https:\/\/artak.cz\/careconnect\/kdo-jsme\/","title":{"rendered":"Kdo jsme"},"content":{"rendered":"\n<h1 class=\"wp-block-heading has-text-align-center\">Kdo jsme?<\/h1>\n\n\n\n<div style=\"height:53px\" aria-hidden=\"true\" class=\"wp-block-spacer\"><\/div>\n\n\n\n<h3 class=\"wp-block-heading has-text-align-center\">Jsme skupina lid\u00ed p\u0159esv\u011bd\u010den\u00e1 o tom, \u017ee ka\u017ed\u00fd \u010dlov\u011bk m\u00e1 pr\u00e1vo dos\u00e1hnout sv\u00fdch c\u00edl\u016f a sn\u016f.<\/h3>\n\n\n\n<div style=\"height:67px\" aria-hidden=\"true\" class=\"wp-block-spacer\"><\/div>\n\n\n\n<div class=\"wp-block-columns is-layout-flex wp-container-core-columns-is-layout-9d6595d7 wp-block-columns-is-layout-flex\">\n<div class=\"wp-block-column is-layout-flow wp-block-column-is-layout-flow\">\n<figure class=\"wp-block-image size-full\"><img loading=\"lazy\" decoding=\"async\" width=\"1000\" height=\"650\" src=\"https:\/\/artak.cz\/careconnect\/wp-content\/uploads\/2025\/04\/Alan-Turing-Award-to-Social-Commitment.jpg\" alt=\"\" class=\"wp-image-149\" srcset=\"https:\/\/artak.cz\/careconnect\/wp-content\/uploads\/2025\/04\/Alan-Turing-Award-to-Social-Commitment.jpg 1000w, https:\/\/artak.cz\/careconnect\/wp-content\/uploads\/2025\/04\/Alan-Turing-Award-to-Social-Commitment-300x195.jpg 300w, https:\/\/artak.cz\/careconnect\/wp-content\/uploads\/2025\/04\/Alan-Turing-Award-to-Social-Commitment-768x499.jpg 768w\" sizes=\"auto, (max-width: 1000px) 100vw, 1000px\" \/><\/figure>\n<\/div>\n\n\n\n<div class=\"wp-block-column is-layout-flow wp-block-column-is-layout-flow\">\n<figure class=\"wp-block-image size-full\"><img loading=\"lazy\" decoding=\"async\" width=\"1000\" height=\"650\" src=\"https:\/\/artak.cz\/careconnect\/wp-content\/uploads\/2025\/04\/Container-1.jpg\" alt=\"\" class=\"wp-image-150\" srcset=\"https:\/\/artak.cz\/careconnect\/wp-content\/uploads\/2025\/04\/Container-1.jpg 1000w, https:\/\/artak.cz\/careconnect\/wp-content\/uploads\/2025\/04\/Container-1-300x195.jpg 300w, https:\/\/artak.cz\/careconnect\/wp-content\/uploads\/2025\/04\/Container-1-768x499.jpg 768w\" sizes=\"auto, (max-width: 1000px) 100vw, 1000px\" \/><\/figure>\n<\/div>\n\n\n\n<div class=\"wp-block-column is-layout-flow wp-block-column-is-layout-flow\">\n<figure class=\"wp-block-image size-full\"><img loading=\"lazy\" decoding=\"async\" width=\"1000\" height=\"650\" src=\"https:\/\/artak.cz\/careconnect\/wp-content\/uploads\/2025\/04\/Container-2.jpg\" alt=\"\" class=\"wp-image-151\" srcset=\"https:\/\/artak.cz\/careconnect\/wp-content\/uploads\/2025\/04\/Container-2.jpg 1000w, https:\/\/artak.cz\/careconnect\/wp-content\/uploads\/2025\/04\/Container-2-300x195.jpg 300w, https:\/\/artak.cz\/careconnect\/wp-content\/uploads\/2025\/04\/Container-2-768x499.jpg 768w\" sizes=\"auto, (max-width: 1000px) 100vw, 1000px\" \/><\/figure>\n<\/div>\n<\/div>\n\n\n\n<div style=\"height:61px\" aria-hidden=\"true\" class=\"wp-block-spacer\"><\/div>\n\n\n\n<h3 class=\"wp-block-heading has-text-align-center\">Sv\u016fj \u017eivot jsme zasv\u011btili zlep\u0161ov\u00e1n\u00ed kvality \u017eivota l\u00e9ka\u0159\u016f a pacient\u016f. Vyv\u00edj\u00edme \u0159e\u0161en\u00ed \u0159e\u0161en\u00ed pro l\u00e9\u010dbu poran\u011bn\u00ed mozku, neurodegenerativn\u00edch poruch a chronick\u00fdch onemocn\u011bn\u00ed.<\/h3>\n\n\n\n<div style=\"height:98px\" aria-hidden=\"true\" class=\"wp-block-spacer\"><\/div>\n\n\n<div class=\"wp-block-image\">\n<figure class=\"aligncenter size-full\"><img loading=\"lazy\" decoding=\"async\" width=\"1796\" height=\"59\" src=\"https:\/\/artak.cz\/careconnect\/wp-content\/uploads\/2025\/04\/careconnect-oddelovac.png\" alt=\"\" class=\"wp-image-108\" srcset=\"https:\/\/artak.cz\/careconnect\/wp-content\/uploads\/2025\/04\/careconnect-oddelovac.png 1796w, https:\/\/artak.cz\/careconnect\/wp-content\/uploads\/2025\/04\/careconnect-oddelovac-300x10.png 300w, https:\/\/artak.cz\/careconnect\/wp-content\/uploads\/2025\/04\/careconnect-oddelovac-1024x34.png 1024w, https:\/\/artak.cz\/careconnect\/wp-content\/uploads\/2025\/04\/careconnect-oddelovac-768x25.png 768w, https:\/\/artak.cz\/careconnect\/wp-content\/uploads\/2025\/04\/careconnect-oddelovac-1536x50.png 1536w\" sizes=\"auto, (max-width: 1796px) 100vw, 1796px\" \/><\/figure>\n<\/div>\n\n\n<div style=\"height:122px\" aria-hidden=\"true\" class=\"wp-block-spacer\"><\/div>\n\n\n\n<h2 class=\"wp-block-heading has-text-align-center\">Tv\u016frci<\/h2>\n\n\n\n<div style=\"height:34px\" aria-hidden=\"true\" class=\"wp-block-spacer\"><\/div>\n\n\n\n<div class=\"wp-block-columns is-layout-flex wp-container-core-columns-is-layout-9d6595d7 wp-block-columns-is-layout-flex\">\n<div class=\"wp-block-column is-layout-flow wp-block-column-is-layout-flow\" style=\"flex-basis:15%\">\n<div style=\"height:100px\" aria-hidden=\"true\" class=\"wp-block-spacer\"><\/div>\n<\/div>\n\n\n\n<div class=\"wp-block-column is-layout-flow wp-block-column-is-layout-flow\" style=\"flex-basis:70%\">\n<div class=\"wp-block-columns is-layout-flex wp-container-core-columns-is-layout-9d6595d7 wp-block-columns-is-layout-flex\">\n<div class=\"wp-block-column is-layout-flow wp-block-column-is-layout-flow\"><div class=\"wp-block-image\">\n<figure class=\"aligncenter size-full\"><img loading=\"lazy\" decoding=\"async\" width=\"570\" height=\"700\" src=\"https:\/\/artak.cz\/careconnect\/wp-content\/uploads\/2025\/04\/jaume_cunill.jpg\" alt=\"\" class=\"wp-image-157\" srcset=\"https:\/\/artak.cz\/careconnect\/wp-content\/uploads\/2025\/04\/jaume_cunill.jpg 570w, https:\/\/artak.cz\/careconnect\/wp-content\/uploads\/2025\/04\/jaume_cunill-244x300.jpg 244w\" sizes=\"auto, (max-width: 570px) 100vw, 570px\" \/><\/figure>\n<\/div>\n\n\n<div style=\"height:30px\" aria-hidden=\"true\" class=\"wp-block-spacer\"><\/div>\n\n\n\n<h3 class=\"wp-block-heading has-text-align-center\">Jaume Cunill<\/h3>\n\n\n\n<div style=\"height:30px\" aria-hidden=\"true\" class=\"wp-block-spacer\"><\/div>\n\n\n\n<p class=\"has-text-align-center\">Dobrovoln\u00edk pom\u00e1haj\u00edc\u00ed nevl\u00e1dn\u00edm organizac\u00edm dos\u00e1hnout auto-udr\u017eitelnosti. Tv\u016frce osobn\u00edch asisten\u010dn\u00edch za\u0159\u00edzen\u00ed pro znev\u00fdhodn\u011bn\u00e9 osoby.<\/p>\n<\/div>\n\n\n\n<div class=\"wp-block-column is-layout-flow wp-block-column-is-layout-flow\"><div class=\"wp-block-image\">\n<figure class=\"aligncenter size-full\"><img loading=\"lazy\" decoding=\"async\" width=\"570\" height=\"700\" src=\"https:\/\/artak.cz\/careconnect\/wp-content\/uploads\/2025\/04\/jakub_petioky.jpg\" alt=\"\" class=\"wp-image-158\" srcset=\"https:\/\/artak.cz\/careconnect\/wp-content\/uploads\/2025\/04\/jakub_petioky.jpg 570w, https:\/\/artak.cz\/careconnect\/wp-content\/uploads\/2025\/04\/jakub_petioky-244x300.jpg 244w\" sizes=\"auto, (max-width: 570px) 100vw, 570px\" \/><\/figure>\n<\/div>\n\n\n<div style=\"height:30px\" aria-hidden=\"true\" class=\"wp-block-spacer\"><\/div>\n\n\n\n<h3 class=\"wp-block-heading has-text-align-center\">Jakub P\u011btiok\u00fd<\/h3>\n\n\n\n<div style=\"height:30px\" aria-hidden=\"true\" class=\"wp-block-spacer\"><\/div>\n\n\n\n<p class=\"has-text-align-center\">N\u00e1m\u011bstek pro rehabilita\u010dn\u00ed p\u00e9\u010di v berounsk\u00e9 nemocnici, prezident asociace ARTAK (\u010cesk\u00e1 asociace robotiky, telemedic\u00edny a kybernetiky).<\/p>\n<\/div>\n<\/div>\n<\/div>\n\n\n\n<div class=\"wp-block-column is-layout-flow wp-block-column-is-layout-flow\" style=\"flex-basis:15%\">\n<div style=\"height:100px\" aria-hidden=\"true\" class=\"wp-block-spacer\"><\/div>\n<\/div>\n<\/div>\n    <!-- sktbuilder starter --><script type=\"text\/javascript\" src=\"https:\/\/artak.cz\/careconnect\/wp-content\/plugins\/skt-builder\/sktbuilder\/sktbuilder-frontend-starter.js\"><\/script><script type=\"text\/javascript\" src=\"https:\/\/artak.cz\/careconnect\/wp-content\/plugins\/skt-builder\/sktbuilder-wordpress-driver.js\"><\/script><script type=\"text\/javascript\"> var starter = new SktbuilderStarter({\"mode\": \"prod\", \"skip\":[\"jquery\",\"underscore\",\"backbone\"],\"sktbuilderUrl\": \"https:\/\/artak.cz\/careconnect\/wp-content\/plugins\/skt-builder\/sktbuilder\/\", \"driver\": new SktbuilderWordpressDriver({\"ajaxUrl\": \"https:\/\/artak.cz\/careconnect\/wp-admin\/admin-ajax.php\", \"iframeUrl\": \"https:\/\/artak.cz\/careconnect\/kdo-jsme\/?sktbuilder=true\", \"pageId\": 53, \"pages\": [], \"page\": \"Kdo jsme\" }) });<\/script><!-- end sktbuilder starter -->","protected":false},"excerpt":{"rendered":"<p>Kdo jsme? Jsme skupina lid\u00ed p\u0159esv\u011bd\u010den\u00e1 o tom, \u017ee ka\u017ed\u00fd \u010dlov\u011bk m\u00e1 pr\u00e1vo dos\u00e1hnout sv\u00fdch c\u00edl\u016f a sn\u016f. Sv\u016fj \u017eivot jsme zasv\u011btili zlep\u0161ov\u00e1n\u00ed kvality \u017eivota l\u00e9ka\u0159\u016f a pacient\u016f. Vyv\u00edj\u00edme \u0159e\u0161en\u00ed \u0159e\u0161en\u00ed pro l\u00e9\u010dbu poran\u011bn\u00ed mozku, neurodegenerativn\u00edch poruch a chronick\u00fdch onemocn\u011bn\u00ed. Tv\u016frci Jaume Cunill Dobrovoln\u00edk pom\u00e1haj\u00edc\u00ed nevl\u00e1dn\u00edm organizac\u00edm dos\u00e1hnout auto-udr\u017eitelnosti. Tv\u016frce osobn\u00edch asisten\u010dn\u00edch za\u0159\u00edzen\u00ed pro znev\u00fdhodn\u011bn\u00e9<br \/><a class=\"moretag\" href=\"https:\/\/artak.cz\/careconnect\/kdo-jsme\/\">+ Read More<\/a><\/p>\n","protected":false},"author":1,"featured_media":0,"parent":0,"menu_order":0,"comment_status":"closed","ping_status":"closed","template":"templates\/page-fullwidth_template.php","meta":{"_uag_custom_page_level_css":"","footnotes":""},"class_list":["post-53","page","type-page","status-publish","hentry"],"featured_image_src":false,"featured_image_src_square":false,"rbea_author_info":{"display_name":"marek","author_link":"https:\/\/artak.cz\/careconnect\/author\/marek\/"},"rbea_excerpt_info":"Kdo jsme? Jsme skupina lid\u00ed p\u0159esv\u011bd\u010den\u00e1 o tom, \u017ee ka\u017ed\u00fd \u010dlov\u011bk m\u00e1 pr\u00e1vo dos\u00e1hnout sv\u00fdch c\u00edl\u016f a sn\u016f. Sv\u016fj \u017eivot jsme zasv\u011btili zlep\u0161ov\u00e1n\u00ed kvality \u017eivota l\u00e9ka\u0159\u016f a pacient\u016f. Vyv\u00edj\u00edme \u0159e\u0161en\u00ed \u0159e\u0161en\u00ed pro l\u00e9\u010dbu poran\u011bn\u00ed mozku, neurodegenerativn\u00edch poruch a chronick\u00fdch onemocn\u011bn\u00ed. Tv\u016frci Jaume Cunill Dobrovoln\u00edk pom\u00e1haj\u00edc\u00ed nevl\u00e1dn\u00edm organizac\u00edm dos\u00e1hnout auto-udr\u017eitelnosti. Tv\u016frce osobn\u00edch asisten\u010dn\u00edch za\u0159\u00edzen\u00ed pro znev\u00fdhodn\u011bn\u00e9<br><a class=\"moretag\" href=\"https:\/\/artak.cz\/careconnect\/kdo-jsme\/\">+ Read More<\/a>","uagb_featured_image_src":{"full":false,"thumbnail":false,"medium":false,"medium_large":false,"large":false,"1536x1536":false,"2048x2048":false,"complete_thumb":false,"footerthumb":false},"uagb_author_info":{"display_name":"marek","author_link":"https:\/\/artak.cz\/careconnect\/author\/marek\/"},"uagb_comment_info":0,"uagb_excerpt":"Kdo jsme? Jsme skupina lid\u00ed p\u0159esv\u011bd\u010den\u00e1 o tom, \u017ee ka\u017ed\u00fd \u010dlov\u011bk m\u00e1 pr\u00e1vo dos\u00e1hnout sv\u00fdch c\u00edl\u016f a sn\u016f. Sv\u016fj \u017eivot jsme zasv\u011btili zlep\u0161ov\u00e1n\u00ed kvality \u017eivota l\u00e9ka\u0159\u016f a pacient\u016f. Vyv\u00edj\u00edme \u0159e\u0161en\u00ed \u0159e\u0161en\u00ed pro l\u00e9\u010dbu poran\u011bn\u00ed mozku, neurodegenerativn\u00edch poruch a chronick\u00fdch onemocn\u011bn\u00ed. Tv\u016frci Jaume Cunill Dobrovoln\u00edk pom\u00e1haj\u00edc\u00ed nevl\u00e1dn\u00edm organizac\u00edm dos\u00e1hnout auto-udr\u017eitelnosti. Tv\u016frce osobn\u00edch asisten\u010dn\u00edch za\u0159\u00edzen\u00ed pro znev\u00fdhodn\u011bn\u00e9+&hellip;","_links":{"self":[{"href":"https:\/\/artak.cz\/careconnect\/wp-json\/wp\/v2\/pages\/53","targetHints":{"allow":["GET"]}}],"collection":[{"href":"https:\/\/artak.cz\/careconnect\/wp-json\/wp\/v2\/pages"}],"about":[{"href":"https:\/\/artak.cz\/careconnect\/wp-json\/wp\/v2\/types\/page"}],"author":[{"embeddable":true,"href":"https:\/\/artak.cz\/careconnect\/wp-json\/wp\/v2\/users\/1"}],"replies":[{"embeddable":true,"href":"https:\/\/artak.cz\/careconnect\/wp-json\/wp\/v2\/comments?post=53"}],"version-history":[{"count":20,"href":"https:\/\/artak.cz\/careconnect\/wp-json\/wp\/v2\/pages\/53\/revisions"}],"predecessor-version":[{"id":193,"href":"https:\/\/artak.cz\/careconnect\/wp-json\/wp\/v2\/pages\/53\/revisions\/193"}],"wp:attachment":[{"href":"https:\/\/artak.cz\/careconnect\/wp-json\/wp\/v2\/media?parent=53"}],"curies":[{"name":"wp","href":"https:\/\/api.w.org\/{rel}","templated":true}]}}

<h1 class="wp-block-heading has-text-align-center">Kdo jsme?</h1>



<div style="height:53px" aria-hidden="true" class="wp-block-spacer"></div>



<h3 class="wp-block-heading has-text-align-center">Jsme skupina lidí přesvědčená o tom, že každý člověk má právo dosáhnout svých cílů a snů.</h3>



<div style="height:67px" aria-hidden="true" class="wp-block-spacer"></div>



<div class="wp-block-columns is-layout-flex wp-container-core-columns-is-layout-9d6595d7 wp-block-columns-is-layout-flex">
<div class="wp-block-column is-layout-flow wp-block-column-is-layout-flow">
<figure class="wp-block-image size-full"><img loading="lazy" decoding="async" width="1000" height="650" src="https://artak.cz/careconnect/wp-content/uploads/2025/04/Alan-Turing-Award-to-Social-Commitment.jpg" alt="" class="wp-image-149" srcset="https://artak.cz/careconnect/wp-content/uploads/2025/04/Alan-Turing-Award-to-Social-Commitment.jpg 1000w, https://artak.cz/careconnect/wp-content/uploads/2025/04/Alan-Turing-Award-to-Social-Commitment-300x195.jpg 300w, https://artak.cz/careconnect/wp-content/uploads/2025/04/Alan-Turing-Award-to-Social-Commitment-768x499.jpg 768w" sizes="auto, (max-width: 1000px) 100vw, 1000px" /></figure>
</div>



<div class="wp-block-column is-layout-flow wp-block-column-is-layout-flow">
<figure class="wp-block-image size-full"><img loading="lazy" decoding="async" width="1000" height="650" src="https://artak.cz/careconnect/wp-content/uploads/2025/04/Container-1.jpg" alt="" class="wp-image-150" srcset="https://artak.cz/careconnect/wp-content/uploads/2025/04/Container-1.jpg 1000w, https://artak.cz/careconnect/wp-content/uploads/2025/04/Container-1-300x195.jpg 300w, https://artak.cz/careconnect/wp-content/uploads/2025/04/Container-1-768x499.jpg 768w" sizes="auto, (max-width: 1000px) 100vw, 1000px" /></figure>
</div>



<div class="wp-block-column is-layout-flow wp-block-column-is-layout-flow">
<figure class="wp-block-image size-full"><img loading="lazy" decoding="async" width="1000" height="650" src="https://artak.cz/careconnect/wp-content/uploads/2025/04/Container-2.jpg" alt="" class="wp-image-151" srcset="https://artak.cz/careconnect/wp-content/uploads/2025/04/Container-2.jpg 1000w, https://artak.cz/careconnect/wp-content/uploads/2025/04/Container-2-300x195.jpg 300w, https://artak.cz/careconnect/wp-content/uploads/2025/04/Container-2-768x499.jpg 768w" sizes="auto, (max-width: 1000px) 100vw, 1000px" /></figure>
</div>
</div>



<div style="height:61px" aria-hidden="true" class="wp-block-spacer"></div>



<h3 class="wp-block-heading has-text-align-center">Svůj život jsme zasvětili zlepšování kvality života lékařů a pacientů. Vyvíjíme řešení řešení pro léčbu poranění mozku, neurodegenerativních poruch a chronických onemocnění.</h3>



<div style="height:98px" aria-hidden="true" class="wp-block-spacer"></div>


<div class="wp-block-image">
<figure class="aligncenter size-full"><img loading="lazy" decoding="async" width="1796" height="59" src="https://artak.cz/careconnect/wp-content/uploads/2025/04/careconnect-oddelovac.png" alt="" class="wp-image-108" srcset="https://artak.cz/careconnect/wp-content/uploads/2025/04/careconnect-oddelovac.png 1796w, https://artak.cz/careconnect/wp-content/uploads/2025/04/careconnect-oddelovac-300x10.png 300w, https://artak.cz/careconnect/wp-content/uploads/2025/04/careconnect-oddelovac-1024x34.png 1024w, https://artak.cz/careconnect/wp-content/uploads/2025/04/careconnect-oddelovac-768x25.png 768w, https://artak.cz/careconnect/wp-content/uploads/2025/04/careconnect-oddelovac-1536x50.png 1536w" sizes="auto, (max-width: 1796px) 100vw, 1796px" /></figure>
</div>


<div style="height:122px" aria-hidden="true" class="wp-block-spacer"></div>



<h2 class="wp-block-heading has-text-align-center">Tvůrci</h2>



<div style="height:34px" aria-hidden="true" class="wp-block-spacer"></div>



<div class="wp-block-columns is-layout-flex wp-container-core-columns-is-layout-9d6595d7 wp-block-columns-is-layout-flex">
<div class="wp-block-column is-layout-flow wp-block-column-is-layout-flow" style="flex-basis:15%">
<div style="height:100px" aria-hidden="true" class="wp-block-spacer"></div>
</div>



<div class="wp-block-column is-layout-flow wp-block-column-is-layout-flow" style="flex-basis:70%">
<div class="wp-block-columns is-layout-flex wp-container-core-columns-is-layout-9d6595d7 wp-block-columns-is-layout-flex">
<div class="wp-block-column is-layout-flow wp-block-column-is-layout-flow"><div class="wp-block-image">
<figure class="aligncenter size-full"><img loading="lazy" decoding="async" width="570" height="700" src="https://artak.cz/careconnect/wp-content/uploads/2025/04/jaume_cunill.jpg" alt="" class="wp-image-157" srcset="https://artak.cz/careconnect/wp-content/uploads/2025/04/jaume_cunill.jpg 570w, https://artak.cz/careconnect/wp-content/uploads/2025/04/jaume_cunill-244x300.jpg 244w" sizes="auto, (max-width: 570px) 100vw, 570px" /></figure>
</div>


<div style="height:30px" aria-hidden="true" class="wp-block-spacer"></div>



<h3 class="wp-block-heading has-text-align-center">Jaume Cunill</h3>



<div style="height:30px" aria-hidden="true" class="wp-block-spacer"></div>



<p class="has-text-align-center">Dobrovolník pomáhající nevládním organizacím dosáhnout auto-udržitelnosti. Tvůrce osobních asistenčních zařízení pro znevýhodněné osoby.</p>
</div>



<div class="wp-block-column is-layout-flow wp-block-column-is-layout-flow"><div class="wp-block-image">
<figure class="aligncenter size-full"><img loading="lazy" decoding="async" width="570" height="700" src="https://artak.cz/careconnect/wp-content/uploads/2025/04/jakub_petioky.jpg" alt="" class="wp-image-158" srcset="https://artak.cz/careconnect/wp-content/uploads/2025/04/jakub_petioky.jpg 570w, https://artak.cz/careconnect/wp-content/uploads/2025/04/jakub_petioky-244x300.jpg 244w" sizes="auto, (max-width: 570px) 100vw, 570px" /></figure>
</div>


<div style="height:30px" aria-hidden="true" class="wp-block-spacer"></div>



<h3 class="wp-block-heading has-text-align-center">Jakub Pětioký</h3>



<div style="height:30px" aria-hidden="true" class="wp-block-spacer"></div>



<p class="has-text-align-center">Náměstek pro rehabilitační péči v berounské nemocnici, prezident asociace ARTAK (Česká asociace robotiky, telemedicíny a kybernetiky).</p>
</div>
</div>
</div>



<div class="wp-block-column is-layout-flow wp-block-column-is-layout-flow" style="flex-basis:15%">
<div style="height:100px" aria-hidden="true" class="wp-block-spacer"></div>
</div>
</div>
    <!-- sktbuilder starter --><script type="text/javascript" src="https://artak.cz/careconnect/wp-content/plugins/skt-builder/sktbuilder/sktbuilder-frontend-starter.js"></script><script type="text/javascript" src="https://artak.cz/careconnect/wp-content/plugins/skt-builder/sktbuilder-wordpress-driver.js"></script><script type="text/javascript"> var starter = new SktbuilderStarter({"mode": "prod", "skip":["jquery","underscore","backbone"],"sktbuilderUrl": "https://artak.cz/careconnect/wp-content/plugins/skt-builder/sktbuilder/", "driver": new SktbuilderWordpressDriver({"ajaxUrl": "https://artak.cz/careconnect/wp-admin/admin-ajax.php", "iframeUrl": "https://artak.cz/careconnect/kdo-jsme/?sktbuilder=true", "pageId": 53, "pages": [], "page": "Kdo jsme" }) });</script><!-- end sktbuilder starter -->

<p>Kdo jsme? Jsme skupina lidí přesvědčená o tom, že každý člověk má právo dosáhnout svých cílů a snů. Svůj život jsme zasvětili zlepšování kvality života lékařů a pacientů. Vyvíjíme řešení řešení pro léčbu poranění mozku, neurodegenerativních poruch a chronických onemocnění. Tvůrci Jaume Cunill Dobrovolník pomáhající nevládním organizacím dosáhnout auto-udržitelnosti. Tvůrce osobních asistenčních zařízení pro znevýhodněné<br /><a class="moretag" href="https://artak.cz/careconnect/kdo-jsme/">+ Read More</a></p>

Kdo jsme? Jsme skupina lidí přesvědčená o tom, že každý člověk má právo dosáhnout svých cílů a snů. Svůj život jsme zasvětili zlepšování kvality života lékařů a pacientů. Vyvíjíme řešení řešení pro léčbu poranění mozku, neurodegenerativních poruch a chronických onemocnění. Tvůrci Jaume Cunill Dobrovolník pomáhající nevládním organizacím dosáhnout auto-udržitelnosti. Tvůrce osobních asistenčních zařízení pro znevýhodněné<br><a class="moretag" href="https://artak.cz/careconnect/kdo-jsme/">+ Read More</a>

Kdo jsme? Jsme skupina lidí přesvědčená o tom, že každý člověk má právo dosáhnout svých cílů a snů. Svůj život jsme zasvětili zlepšování kvality života lékařů a pacientů. Vyvíjíme řešení řešení pro léčbu poranění mozku, neurodegenerativních poruch a chronických onemocnění. Tvůrci Jaume Cunill Dobrovolník pomáhající nevládním organizacím dosáhnout auto-udržitelnosti. Tvůrce osobních asistenčních zařízení pro znevýhodněné+&hellip;
